{"id":21,"date":"2023-11-20T11:29:10","date_gmt":"2023-11-20T10:29:10","guid":{"rendered":"https:\/\/extraopona.nsfera.pl\/?post_type=product&#038;p=21"},"modified":"2023-11-23T12:31:10","modified_gmt":"2023-11-23T11:31:10","slug":"nordexx-ntr3000","status":"publish","type":"product","link":"https:\/\/extraopona.nsfera.pl\/index.php\/produkt\/nordexx-ntr3000\/","title":{"rendered":"NTR3000"},"content":{"rendered":"<p>Opona NORDEXX NTR3000 to flagowy produkt marki, zaprojektowany z my\u015bl\u0105 o kierowcach, kt\u00f3rzy oczekuj\u0105 najwy\u017cszej jako\u015bci, doskona\u0142ej trakcji i niezawodno\u015bci na drodze. To innowacyjne rozwi\u0105zanie, kt\u00f3re \u0142\u0105czy w sobie zaawansowan\u0105 technologi\u0119 z wysok\u0105 wydajno\u015bci\u0105, sprawiaj\u0105c, \u017ce jazda staje si\u0119 bezpieczna, komfortowa i ekonomiczna.<\/p>\n<p>NTR3000 charakteryzuje si\u0119 unikaln\u0105 mieszank\u0105 gumow\u0105, kt\u00f3ra zapewnia doskona\u0142\u0105 przyczepno\u015b\u0107 na r\u00f3\u017cnych rodzajach nawierzchni. Bie\u017cnik opony zosta\u0142 starannie zaprojektowany, aby zoptymalizowa\u0107 trakcj\u0119 i stabilno\u015b\u0107 pojazdu zar\u00f3wno na suchej, jak i mokrej drodze. To sprawia, \u017ce NORDEXX NTR3000 radzi sobie skutecznie w r\u00f3\u017cnorodnych warunkach atmosferycznych.<\/p>\n<p>Opr\u00f3cz doskona\u0142ej wydajno\u015bci na drodze, opona NTR3000 zosta\u0142a skonstruowana z my\u015bl\u0105 o minimalizacji oporu toczenia, co przek\u0142ada si\u0119 na oszcz\u0119dno\u015b\u0107 paliwa i bardziej ekologiczn\u0105 jazd\u0119. In\u017cynierowie marki NORDEXX zadbali r\u00f3wnie\u017c o trwa\u0142o\u015b\u0107, co sprawia, \u017ce opona utrzymuje swoje w\u0142a\u015bciwo\u015bci przez d\u0142ugi okres eksploatacji.<\/p>\n<p>NORDEXX NTR3000 to nie tylko opona, to gwarancja bezpiecznej, komfortowej i efektywnej podr\u00f3\u017cy. Wybieraj\u0105c NTR3000, inwestujesz w produkt, kt\u00f3ry sprosta oczekiwaniom nawet najbardziej wymagaj\u0105cych kierowc\u00f3w, dostarczaj\u0105c niezapomnianej jako\u015bci jazdy na ka\u017cdej trasie.<\/p>\n","protected":false},"excerpt":{"rendered":"<p>Opona NORDEXX NTR3000 to flagowy produkt marki, zaprojektowany z my\u015bl\u0105 o kierowcach, kt\u00f3rzy oczekuj\u0105 najwy\u017cszej jako\u015bci, doskona\u0142ej trakcji i niezawodno\u015bci na drodze. To innowacyjne rozwi\u0105zanie, kt\u00f3re \u0142\u0105czy w sobie zaawansowan\u0105 technologi\u0119 z wysok\u0105 wydajno\u015bci\u0105, sprawiaj\u0105c, \u017ce jazda staje si\u0119 bezpieczna, komfortowa i ekonomiczna.<\/p>\n","protected":false},"featured_media":22,"comment_status":"open","ping_status":"closed","template":"","meta":[],"product_brand":[],"product_cat":[19],"product_tag":[],"class_list":{"0":"post-21","1":"product","2":"type-product","3":"status-publish","4":"has-post-thumbnail","6":"product_cat-ciezarowe","8":"first","9":"instock","10":"sale","11":"featured","12":"taxable","13":"shipping-taxable","14":"purchasable","15":"product-type-simple"},"_links":{"self":[{"href":"https:\/\/extraopona.nsfera.pl\/index.php\/wp-json\/wp\/v2\/product\/21","targetHints":{"allow":["GET"]}}],"collection":[{"href":"https:\/\/extraopona.nsfera.pl\/index.php\/wp-json\/wp\/v2\/product"}],"about":[{"href":"https:\/\/extraopona.nsfera.pl\/index.php\/wp-json\/wp\/v2\/types\/product"}],"replies":[{"embeddable":true,"href":"https:\/\/extraopona.nsfera.pl\/index.php\/wp-json\/wp\/v2\/comments?post=21"}],"wp:featuredmedia":[{"embeddable":true,"href":"https:\/\/extraopona.nsfera.pl\/index.php\/wp-json\/wp\/v2\/media\/22"}],"wp:attachment":[{"href":"https:\/\/extraopona.nsfera.pl\/index.php\/wp-json\/wp\/v2\/media?parent=21"}],"wp:term":[{"taxonomy":"product_brand","embeddable":true,"href":"https:\/\/extraopona.nsfera.pl\/index.php\/wp-json\/wp\/v2\/product_brand?post=21"},{"taxonomy":"product_cat","embeddable":true,"href":"https:\/\/extraopona.nsfera.pl\/index.php\/wp-json\/wp\/v2\/product_cat?post=21"},{"taxonomy":"product_tag","embeddable":true,"href":"https:\/\/extraopona.nsfera.pl\/index.php\/wp-json\/wp\/v2\/product_tag?post=21"}],"curies":[{"name":"wp","href":"https:\/\/api.w.org\/{rel}","templated":true}]}}